{"id":4284,"date":"2024-10-10T13:58:14","date_gmt":"2024-10-10T13:58:14","guid":{"rendered":"https:\/\/www.positivemayo.com\/?post_type=chefs&#038;p=4284"},"modified":"2024-10-10T14:00:42","modified_gmt":"2024-10-10T14:00:42","slug":"jean-francois-archambault","status":"publish","type":"chefs","link":"https:\/\/www.positivemayo.com\/en\/chefs\/jean-francois-archambault\/","title":{"rendered":"Jean-Fran\u00e7ois Archambault"},"content":{"rendered":"\n<p>After a career in hotel management, where he witnessed food waste up close, Jean-Fran\u00e7ois Archambault founded <a href=\"https:\/\/www.tableedeschefs.fr\/\">La Tabl\u00e9e des Chefs<\/a> in Canada in 2004, to remedy this systemic problem. His idea: to unite food professionals such as hotels, restaurants, caterers and chef associations, and transform sporadic donations into an organized process, creating a movement of socially committed chefs. <em>&#8220;I first dreamed of a world where everyone could eat their fill. I shared this dream with other bold people and succeeded in inspiring them.&#8221;<\/em> Under his leadership, La Tabl\u00e9e des Chefs has transformed tons of food destined for landfill, feeding over two million people in the process. The chefs who join him share their passion for cooking and pass on their culinary knowledge to young people, helping them to become self-sufficient in terms of food and inspiring new vocations. Jean-Fran\u00e7ois Archambault continues to expand his model internationally, particularly in France, seeking to extend the impact of his humanitarian and culinary work.     <em>&#8220;Cooking as an ingredient for social change, a winning, powerful and tasty recipe.&#8221;<\/em><strong><em> <\/em><\/strong>We&#8217;ll take his word for it.<\/p>\n\n<p><\/p>\n","protected":false},"featured_media":4205,"template":"","pays":[76],"class_list":["post-4284","chefs","type-chefs","status-publish","has-post-thumbnail","hentry","pays-canada-en"],"acf":[],"yoast_head":"<!-- This site is optimized with the Yoast SEO Premium plugin v21.1 (Yoast SEO v27.5) - https:\/\/yoast.com\/product\/yoast-seo-premium-wordpress\/ -->\n<title>Jean-Fran\u00e7ois Archambault - Positive Mayo<\/title>\n<meta name=\"robots\" content=\"index, follow, max-snippet:-1, max-image-preview:large, max-video-preview:-1\" \/>\n<link rel=\"canonical\" href=\"https:\/\/www.positivemayo.com\/en\/chefs\/jean-francois-archambault\/\" \/>\n<meta property=\"og:locale\" content=\"en_US\" \/>\n<meta property=\"og:type\" content=\"article\" \/>\n<meta property=\"og:title\" content=\"Jean-Fran\u00e7ois Archambault\" \/>\n<meta property=\"og:description\" content=\"After a career in hotel management, where he witnessed food waste up close, Jean-Fran\u00e7ois Archambault founded La Tabl\u00e9e des Chefs in Canada in 2004, to remedy this systemic problem. His idea: to unite food professionals such as hotels, restaurants, caterers and chef associations, and transform sporadic donations into an organized process, creating a movement of [&hellip;]\" \/>\n<meta property=\"og:url\" content=\"https:\/\/www.positivemayo.com\/en\/chefs\/jean-francois-archambault\/\" \/>\n<meta property=\"og:site_name\" content=\"Positive Mayo\" \/>\n<meta property=\"article:modified_time\" content=\"2024-10-10T14:00:42+00:00\" \/>\n<meta property=\"og:image\" content=\"https:\/\/www.positivemayo.com\/wp-content\/uploads\/2024\/09\/JF-Archambault-1.jpg\" \/>\n\t<meta property=\"og:image:width\" content=\"437\" \/>\n\t<meta property=\"og:image:height\" content=\"500\" \/>\n\t<meta property=\"og:image:type\" content=\"image\/jpeg\" \/>\n<meta name=\"twitter:card\" content=\"summary_large_image\" \/>\n<meta name=\"twitter:label1\" content=\"Est. reading time\" \/>\n\t<meta name=\"twitter:data1\" content=\"1 minute\" \/>\n<script type=\"application\/ld+json\" class=\"yoast-schema-graph\">{\"@context\":\"https:\\\/\\\/schema.org\",\"@graph\":[{\"@type\":\"WebPage\",\"@id\":\"https:\\\/\\\/www.positivemayo.com\\\/en\\\/chefs\\\/jean-francois-archambault\\\/\",\"url\":\"https:\\\/\\\/www.positivemayo.com\\\/en\\\/chefs\\\/jean-francois-archambault\\\/\",\"name\":\"Jean-Fran\u00e7ois Archambault - Positive Mayo\",\"isPartOf\":{\"@id\":\"https:\\\/\\\/www.positivemayo.com\\\/#website\"},\"primaryImageOfPage\":{\"@id\":\"https:\\\/\\\/www.positivemayo.com\\\/en\\\/chefs\\\/jean-francois-archambault\\\/#primaryimage\"},\"image\":{\"@id\":\"https:\\\/\\\/www.positivemayo.com\\\/en\\\/chefs\\\/jean-francois-archambault\\\/#primaryimage\"},\"thumbnailUrl\":\"https:\\\/\\\/www.positivemayo.com\\\/wp-content\\\/uploads\\\/2024\\\/09\\\/JF-Archambault-1.jpg\",\"datePublished\":\"2024-10-10T13:58:14+00:00\",\"dateModified\":\"2024-10-10T14:00:42+00:00\",\"breadcrumb\":{\"@id\":\"https:\\\/\\\/www.positivemayo.com\\\/en\\\/chefs\\\/jean-francois-archambault\\\/#breadcrumb\"},\"inLanguage\":\"en-US\",\"potentialAction\":[{\"@type\":\"ReadAction\",\"target\":[\"https:\\\/\\\/www.positivemayo.com\\\/en\\\/chefs\\\/jean-francois-archambault\\\/\"]}]},{\"@type\":\"ImageObject\",\"inLanguage\":\"en-US\",\"@id\":\"https:\\\/\\\/www.positivemayo.com\\\/en\\\/chefs\\\/jean-francois-archambault\\\/#primaryimage\",\"url\":\"https:\\\/\\\/www.positivemayo.com\\\/wp-content\\\/uploads\\\/2024\\\/09\\\/JF-Archambault-1.jpg\",\"contentUrl\":\"https:\\\/\\\/www.positivemayo.com\\\/wp-content\\\/uploads\\\/2024\\\/09\\\/JF-Archambault-1.jpg\",\"width\":437,\"height\":500},{\"@type\":\"BreadcrumbList\",\"@id\":\"https:\\\/\\\/www.positivemayo.com\\\/en\\\/chefs\\\/jean-francois-archambault\\\/#breadcrumb\",\"itemListElement\":[{\"@type\":\"ListItem\",\"position\":1,\"name\":\"Accueil\",\"item\":\"https:\\\/\\\/www.positivemayo.com\\\/en\\\/homepage\\\/\"},{\"@type\":\"ListItem\",\"position\":2,\"name\":\"Chefs\",\"item\":\"https:\\\/\\\/www.positivemayo.com\\\/chefs\\\/\"},{\"@type\":\"ListItem\",\"position\":3,\"name\":\"Jean-Fran\u00e7ois Archambault\"}]},{\"@type\":\"WebSite\",\"@id\":\"https:\\\/\\\/www.positivemayo.com\\\/#website\",\"url\":\"https:\\\/\\\/www.positivemayo.com\\\/\",\"name\":\"Positive Mayo\",\"description\":\"Comitted Chefs for a better world\",\"publisher\":{\"@id\":\"https:\\\/\\\/www.positivemayo.com\\\/#organization\"},\"potentialAction\":[{\"@type\":\"SearchAction\",\"target\":{\"@type\":\"EntryPoint\",\"urlTemplate\":\"https:\\\/\\\/www.positivemayo.com\\\/?s={search_term_string}\"},\"query-input\":{\"@type\":\"PropertyValueSpecification\",\"valueRequired\":true,\"valueName\":\"search_term_string\"}}],\"inLanguage\":\"en-US\"},{\"@type\":\"Organization\",\"@id\":\"https:\\\/\\\/www.positivemayo.com\\\/#organization\",\"name\":\"Positive Mayo\",\"url\":\"https:\\\/\\\/www.positivemayo.com\\\/\",\"logo\":{\"@type\":\"ImageObject\",\"inLanguage\":\"en-US\",\"@id\":\"https:\\\/\\\/www.positivemayo.com\\\/#\\\/schema\\\/logo\\\/image\\\/\",\"url\":\"https:\\\/\\\/www.positivemayo.com\\\/wp-content\\\/uploads\\\/2024\\\/07\\\/cropped-PM-font-transparent.png\",\"contentUrl\":\"https:\\\/\\\/www.positivemayo.com\\\/wp-content\\\/uploads\\\/2024\\\/07\\\/cropped-PM-font-transparent.png\",\"width\":3506,\"height\":1002,\"caption\":\"Positive Mayo\"},\"image\":{\"@id\":\"https:\\\/\\\/www.positivemayo.com\\\/#\\\/schema\\\/logo\\\/image\\\/\"}}]}<\/script>\n<!-- \/ Yoast SEO Premium plugin. -->","yoast_head_json":{"title":"Jean-Fran\u00e7ois Archambault - Positive Mayo","robots":{"index":"index","follow":"follow","max-snippet":"max-snippet:-1","max-image-preview":"max-image-preview:large","max-video-preview":"max-video-preview:-1"},"canonical":"https:\/\/www.positivemayo.com\/en\/chefs\/jean-francois-archambault\/","og_locale":"en_US","og_type":"article","og_title":"Jean-Fran\u00e7ois Archambault","og_description":"After a career in hotel management, where he witnessed food waste up close, Jean-Fran\u00e7ois Archambault founded La Tabl\u00e9e des Chefs in Canada in 2004, to remedy this systemic problem. His idea: to unite food professionals such as hotels, restaurants, caterers and chef associations, and transform sporadic donations into an organized process, creating a movement of [&hellip;]","og_url":"https:\/\/www.positivemayo.com\/en\/chefs\/jean-francois-archambault\/","og_site_name":"Positive Mayo","article_modified_time":"2024-10-10T14:00:42+00:00","og_image":[{"width":437,"height":500,"url":"https:\/\/www.positivemayo.com\/wp-content\/uploads\/2024\/09\/JF-Archambault-1.jpg","type":"image\/jpeg"}],"twitter_card":"summary_large_image","twitter_misc":{"Est. reading time":"1 minute"},"schema":{"@context":"https:\/\/schema.org","@graph":[{"@type":"WebPage","@id":"https:\/\/www.positivemayo.com\/en\/chefs\/jean-francois-archambault\/","url":"https:\/\/www.positivemayo.com\/en\/chefs\/jean-francois-archambault\/","name":"Jean-Fran\u00e7ois Archambault - Positive Mayo","isPartOf":{"@id":"https:\/\/www.positivemayo.com\/#website"},"primaryImageOfPage":{"@id":"https:\/\/www.positivemayo.com\/en\/chefs\/jean-francois-archambault\/#primaryimage"},"image":{"@id":"https:\/\/www.positivemayo.com\/en\/chefs\/jean-francois-archambault\/#primaryimage"},"thumbnailUrl":"https:\/\/www.positivemayo.com\/wp-content\/uploads\/2024\/09\/JF-Archambault-1.jpg","datePublished":"2024-10-10T13:58:14+00:00","dateModified":"2024-10-10T14:00:42+00:00","breadcrumb":{"@id":"https:\/\/www.positivemayo.com\/en\/chefs\/jean-francois-archambault\/#breadcrumb"},"inLanguage":"en-US","potentialAction":[{"@type":"ReadAction","target":["https:\/\/www.positivemayo.com\/en\/chefs\/jean-francois-archambault\/"]}]},{"@type":"ImageObject","inLanguage":"en-US","@id":"https:\/\/www.positivemayo.com\/en\/chefs\/jean-francois-archambault\/#primaryimage","url":"https:\/\/www.positivemayo.com\/wp-content\/uploads\/2024\/09\/JF-Archambault-1.jpg","contentUrl":"https:\/\/www.positivemayo.com\/wp-content\/uploads\/2024\/09\/JF-Archambault-1.jpg","width":437,"height":500},{"@type":"BreadcrumbList","@id":"https:\/\/www.positivemayo.com\/en\/chefs\/jean-francois-archambault\/#breadcrumb","itemListElement":[{"@type":"ListItem","position":1,"name":"Accueil","item":"https:\/\/www.positivemayo.com\/en\/homepage\/"},{"@type":"ListItem","position":2,"name":"Chefs","item":"https:\/\/www.positivemayo.com\/chefs\/"},{"@type":"ListItem","position":3,"name":"Jean-Fran\u00e7ois Archambault"}]},{"@type":"WebSite","@id":"https:\/\/www.positivemayo.com\/#website","url":"https:\/\/www.positivemayo.com\/","name":"Positive Mayo","description":"Comitted Chefs for a better world","publisher":{"@id":"https:\/\/www.positivemayo.com\/#organization"},"potentialAction":[{"@type":"SearchAction","target":{"@type":"EntryPoint","urlTemplate":"https:\/\/www.positivemayo.com\/?s={search_term_string}"},"query-input":{"@type":"PropertyValueSpecification","valueRequired":true,"valueName":"search_term_string"}}],"inLanguage":"en-US"},{"@type":"Organization","@id":"https:\/\/www.positivemayo.com\/#organization","name":"Positive Mayo","url":"https:\/\/www.positivemayo.com\/","logo":{"@type":"ImageObject","inLanguage":"en-US","@id":"https:\/\/www.positivemayo.com\/#\/schema\/logo\/image\/","url":"https:\/\/www.positivemayo.com\/wp-content\/uploads\/2024\/07\/cropped-PM-font-transparent.png","contentUrl":"https:\/\/www.positivemayo.com\/wp-content\/uploads\/2024\/07\/cropped-PM-font-transparent.png","width":3506,"height":1002,"caption":"Positive Mayo"},"image":{"@id":"https:\/\/www.positivemayo.com\/#\/schema\/logo\/image\/"}}]}},"_links":{"self":[{"href":"https:\/\/www.positivemayo.com\/en\/wp-json\/wp\/v2\/chefs\/4284","targetHints":{"allow":["GET"]}}],"collection":[{"href":"https:\/\/www.positivemayo.com\/en\/wp-json\/wp\/v2\/chefs"}],"about":[{"href":"https:\/\/www.positivemayo.com\/en\/wp-json\/wp\/v2\/types\/chefs"}],"wp:featuredmedia":[{"embeddable":true,"href":"https:\/\/www.positivemayo.com\/en\/wp-json\/wp\/v2\/media\/4205"}],"wp:attachment":[{"href":"https:\/\/www.positivemayo.com\/en\/wp-json\/wp\/v2\/media?parent=4284"}],"wp:term":[{"taxonomy":"pays","embeddable":true,"href":"https:\/\/www.positivemayo.com\/en\/wp-json\/wp\/v2\/pays?post=4284"}],"curies":[{"name":"wp","href":"https:\/\/api.w.org\/{rel}","templated":true}]}}

Jean-François Archambault

<p>After a career in hotel management, where he witnessed food waste up close, Jean-François Archambault founded <a href="https://www.tableedeschefs.fr/">La Tablée des Chefs</a> in Canada in 2004, to remedy this systemic problem. His idea: to unite food professionals such as hotels, restaurants, caterers and chef associations, and transform sporadic donations into an organized process, creating a movement of socially committed chefs. <em>&#8220;I first dreamed of a world where everyone could eat their fill. I shared this dream with other bold people and succeeded in inspiring them.&#8221;</em> Under his leadership, La Tablée des Chefs has transformed tons of food destined for landfill, feeding over two million people in the process. The chefs who join him share their passion for cooking and pass on their culinary knowledge to young people, helping them to become self-sufficient in terms of food and inspiring new vocations. Jean-François Archambault continues to expand his model internationally, particularly in France, seeking to extend the impact of his humanitarian and culinary work.     <em>&#8220;Cooking as an ingredient for social change, a winning, powerful and tasty recipe.&#8221;</em><strong><em> </em></strong>We&#8217;ll take his word for it.</p>

<p></p>

<!-- This site is optimized with the Yoast SEO Premium plugin v21.1 (Yoast SEO v27.5) - https://yoast.com/product/yoast-seo-premium-wordpress/ -->
<title>Jean-François Archambault - Positive Mayo</title>
<meta name="robots" content="index, follow, max-snippet:-1, max-image-preview:large, max-video-preview:-1" />
<link rel="canonical" href="https://www.positivemayo.com/en/chefs/jean-francois-archambault/" />
<meta property="og:locale" content="en_US" />
<meta property="og:type" content="article" />
<meta property="og:title" content="Jean-François Archambault" />
<meta property="og:description" content="After a career in hotel management, where he witnessed food waste up close, Jean-François Archambault founded La Tablée des Chefs in Canada in 2004, to remedy this systemic problem. His idea: to unite food professionals such as hotels, restaurants, caterers and chef associations, and transform sporadic donations into an organized process, creating a movement of [&hellip;]" />
<meta property="og:url" content="https://www.positivemayo.com/en/chefs/jean-francois-archambault/" />
<meta property="og:site_name" content="Positive Mayo" />
<meta property="article:modified_time" content="2024-10-10T14:00:42+00:00" />
<meta property="og:image" content="https://www.positivemayo.com/wp-content/uploads/2024/09/JF-Archambault-1.jpg" />
	<meta property="og:image:width" content="437" />
	<meta property="og:image:height" content="500" />
	<meta property="og:image:type" content="image/jpeg" />
<meta name="twitter:card" content="summary_large_image" />
<meta name="twitter:label1" content="Est. reading time" />
	<meta name="twitter:data1" content="1 minute" />
<script type="application/ld+json" class="yoast-schema-graph">{"@context":"https:\/\/schema.org","@graph":[{"@type":"WebPage","@id":"https:\/\/www.positivemayo.com\/en\/chefs\/jean-francois-archambault\/","url":"https:\/\/www.positivemayo.com\/en\/chefs\/jean-francois-archambault\/","name":"Jean-François Archambault - Positive Mayo","isPartOf":{"@id":"https:\/\/www.positivemayo.com\/#website"},"primaryImageOfPage":{"@id":"https:\/\/www.positivemayo.com\/en\/chefs\/jean-francois-archambault\/#primaryimage"},"image":{"@id":"https:\/\/www.positivemayo.com\/en\/chefs\/jean-francois-archambault\/#primaryimage"},"thumbnailUrl":"https:\/\/www.positivemayo.com\/wp-content\/uploads\/2024\/09\/JF-Archambault-1.jpg","datePublished":"2024-10-10T13:58:14+00:00","dateModified":"2024-10-10T14:00:42+00:00","breadcrumb":{"@id":"https:\/\/www.positivemayo.com\/en\/chefs\/jean-francois-archambault\/#breadcrumb"},"inLanguage":"en-US","potentialAction":[{"@type":"ReadAction","target":["https:\/\/www.positivemayo.com\/en\/chefs\/jean-francois-archambault\/"]}]},{"@type":"ImageObject","inLanguage":"en-US","@id":"https:\/\/www.positivemayo.com\/en\/chefs\/jean-francois-archambault\/#primaryimage","url":"https:\/\/www.positivemayo.com\/wp-content\/uploads\/2024\/09\/JF-Archambault-1.jpg","contentUrl":"https:\/\/www.positivemayo.com\/wp-content\/uploads\/2024\/09\/JF-Archambault-1.jpg","width":437,"height":500},{"@type":"BreadcrumbList","@id":"https:\/\/www.positivemayo.com\/en\/chefs\/jean-francois-archambault\/#breadcrumb","itemListElement":[{"@type":"ListItem","position":1,"name":"Accueil","item":"https:\/\/www.positivemayo.com\/en\/homepage\/"},{"@type":"ListItem","position":2,"name":"Chefs","item":"https:\/\/www.positivemayo.com\/chefs\/"},{"@type":"ListItem","position":3,"name":"Jean-François Archambault"}]},{"@type":"WebSite","@id":"https:\/\/www.positivemayo.com\/#website","url":"https:\/\/www.positivemayo.com\/","name":"Positive Mayo","description":"Comitted Chefs for a better world","publisher":{"@id":"https:\/\/www.positivemayo.com\/#organization"},"potentialAction":[{"@type":"SearchAction","target":{"@type":"EntryPoint","urlTemplate":"https:\/\/www.positivemayo.com\/?s={search_term_string}"},"query-input":{"@type":"PropertyValueSpecification","valueRequired":true,"valueName":"search_term_string"}}],"inLanguage":"en-US"},{"@type":"Organization","@id":"https:\/\/www.positivemayo.com\/#organization","name":"Positive Mayo","url":"https:\/\/www.positivemayo.com\/","logo":{"@type":"ImageObject","inLanguage":"en-US","@id":"https:\/\/www.positivemayo.com\/#\/schema\/logo\/image\/","url":"https:\/\/www.positivemayo.com\/wp-content\/uploads\/2024\/07\/cropped-PM-font-transparent.png","contentUrl":"https:\/\/www.positivemayo.com\/wp-content\/uploads\/2024\/07\/cropped-PM-font-transparent.png","width":3506,"height":1002,"caption":"Positive Mayo"},"image":{"@id":"https:\/\/www.positivemayo.com\/#\/schema\/logo\/image\/"}}]}</script>
<!-- / Yoast SEO Premium plugin. -->

Jean-François Archambault - Positive Mayo

After a career in hotel management, where he witnessed food waste up close, Jean-François Archambault founded La Tablée des Chefs in Canada in 2004, to remedy this systemic problem. His idea: to unite food professionals such as hotels, restaurants, caterers and chef associations, and transform sporadic donations into an organized process, creating a movement of [&hellip;]
