{"id":3912,"date":"2024-09-04T05:45:10","date_gmt":"2024-09-04T05:45:10","guid":{"rendered":"https:\/\/www.positivemayo.com\/?post_type=chefs&#038;p=3912"},"modified":"2025-03-03T14:35:49","modified_gmt":"2025-03-03T14:35:49","slug":"ebru-baybara-demur","status":"publish","type":"chefs","link":"https:\/\/www.positivemayo.com\/en\/chefs\/ebru-baybara-demur\/","title":{"rendered":"Ebru Baybara Demur"},"content":{"rendered":"\n<p><em>&#8220;I&#8217;m a social gastronomy chef. I&#8217;m as interested in the taste of the food I prepare as I am in the number of people whose lives are transformed by that meal.&#8221;  <\/em>These words from chef Ebru Baybara Demir couldn&#8217;t sum up her personality any better.\nFrom the founding of her Cercis Murat Kona\u011f\u0131 restaurant to the<a href=\"https:\/\/gonulmutfagi.org\/\"> G\u00f6n\u00fcl Mutfa\u011f\u0131<\/a> association set up in February 2023, with chef T\u00fcrev Uluda\u011f, to help disaster-stricken populations after the earthquake in Iskenderun province, the chef puts her culinary art at the service of the most disadvantaged, transforming gastronomy into a powerful lever for social integration. <\/p>\n\n<p>But her most successful initiative is undoubtedly the social cooperative <a href=\"https:\/\/www.topraktantabaga.com.tr\/\">&#8220;From Soil to Plate&#8221; (Topraktan Taba\u011fa Kooperatifi), <\/a>which she founded in 2018.\nThere, she campaigns for a local, sustainable and self-sufficient economy, from producer to consumer, and focuses on providing economic activity for women, particularly Syrian refugees, by offering them training in agricultural or culinary trades.\nHer commitment to both biodiversity and humanitarianism has earned her international recognition, including the prestigious Basque Culinary World Prize in 2023.  <\/p>\n","protected":false},"featured_media":3771,"template":"","pays":[138],"class_list":["post-3912","chefs","type-chefs","status-publish","has-post-thumbnail","hentry","pays-turkey"],"acf":[],"yoast_head":"<!-- This site is optimized with the Yoast SEO Premium plugin v21.1 (Yoast SEO v27.5) - https:\/\/yoast.com\/product\/yoast-seo-premium-wordpress\/ -->\n<title>Ebru Baybara Demur - Positive Mayo<\/title>\n<meta name=\"robots\" content=\"index, follow, max-snippet:-1, max-image-preview:large, max-video-preview:-1\" \/>\n<link rel=\"canonical\" href=\"https:\/\/www.positivemayo.com\/en\/chefs\/ebru-baybara-demur\/\" \/>\n<meta property=\"og:locale\" content=\"en_US\" \/>\n<meta property=\"og:type\" content=\"article\" \/>\n<meta property=\"og:title\" content=\"Ebru Baybara Demur\" \/>\n<meta property=\"og:description\" content=\"&#8220;I&#8217;m a social gastronomy chef. I&#8217;m as interested in the taste of the food I prepare as I am in the number of people whose lives are transformed by that meal.&#8221; These words from chef Ebru Baybara Demir couldn&#8217;t sum up her personality any better. From the founding of her Cercis Murat Kona\u011f\u0131 restaurant to [&hellip;]\" \/>\n<meta property=\"og:url\" content=\"https:\/\/www.positivemayo.com\/en\/chefs\/ebru-baybara-demur\/\" \/>\n<meta property=\"og:site_name\" content=\"Positive Mayo\" \/>\n<meta property=\"article:modified_time\" content=\"2025-03-03T14:35:49+00:00\" \/>\n<meta property=\"og:image\" content=\"https:\/\/www.positivemayo.com\/wp-content\/uploads\/2024\/09\/Ebru-Baybara-Demir.jpeg\" \/>\n\t<meta property=\"og:image:width\" content=\"1920\" \/>\n\t<meta property=\"og:image:height\" content=\"2560\" \/>\n\t<meta property=\"og:image:type\" content=\"image\/jpeg\" \/>\n<meta name=\"twitter:card\" content=\"summary_large_image\" \/>\n<meta name=\"twitter:label1\" content=\"Est. reading time\" \/>\n\t<meta name=\"twitter:data1\" content=\"1 minute\" \/>\n<script type=\"application\/ld+json\" class=\"yoast-schema-graph\">{\"@context\":\"https:\\\/\\\/schema.org\",\"@graph\":[{\"@type\":\"WebPage\",\"@id\":\"https:\\\/\\\/www.positivemayo.com\\\/en\\\/chefs\\\/ebru-baybara-demur\\\/\",\"url\":\"https:\\\/\\\/www.positivemayo.com\\\/en\\\/chefs\\\/ebru-baybara-demur\\\/\",\"name\":\"Ebru Baybara Demur - Positive Mayo\",\"isPartOf\":{\"@id\":\"https:\\\/\\\/www.positivemayo.com\\\/#website\"},\"primaryImageOfPage\":{\"@id\":\"https:\\\/\\\/www.positivemayo.com\\\/en\\\/chefs\\\/ebru-baybara-demur\\\/#primaryimage\"},\"image\":{\"@id\":\"https:\\\/\\\/www.positivemayo.com\\\/en\\\/chefs\\\/ebru-baybara-demur\\\/#primaryimage\"},\"thumbnailUrl\":\"https:\\\/\\\/www.positivemayo.com\\\/wp-content\\\/uploads\\\/2024\\\/09\\\/Ebru-Baybara-Demir.jpeg\",\"datePublished\":\"2024-09-04T05:45:10+00:00\",\"dateModified\":\"2025-03-03T14:35:49+00:00\",\"breadcrumb\":{\"@id\":\"https:\\\/\\\/www.positivemayo.com\\\/en\\\/chefs\\\/ebru-baybara-demur\\\/#breadcrumb\"},\"inLanguage\":\"en-US\",\"potentialAction\":[{\"@type\":\"ReadAction\",\"target\":[\"https:\\\/\\\/www.positivemayo.com\\\/en\\\/chefs\\\/ebru-baybara-demur\\\/\"]}]},{\"@type\":\"ImageObject\",\"inLanguage\":\"en-US\",\"@id\":\"https:\\\/\\\/www.positivemayo.com\\\/en\\\/chefs\\\/ebru-baybara-demur\\\/#primaryimage\",\"url\":\"https:\\\/\\\/www.positivemayo.com\\\/wp-content\\\/uploads\\\/2024\\\/09\\\/Ebru-Baybara-Demir.jpeg\",\"contentUrl\":\"https:\\\/\\\/www.positivemayo.com\\\/wp-content\\\/uploads\\\/2024\\\/09\\\/Ebru-Baybara-Demir.jpeg\",\"width\":1920,\"height\":2560},{\"@type\":\"BreadcrumbList\",\"@id\":\"https:\\\/\\\/www.positivemayo.com\\\/en\\\/chefs\\\/ebru-baybara-demur\\\/#breadcrumb\",\"itemListElement\":[{\"@type\":\"ListItem\",\"position\":1,\"name\":\"Accueil\",\"item\":\"https:\\\/\\\/www.positivemayo.com\\\/en\\\/homepage\\\/\"},{\"@type\":\"ListItem\",\"position\":2,\"name\":\"Chefs\",\"item\":\"https:\\\/\\\/www.positivemayo.com\\\/chefs\\\/\"},{\"@type\":\"ListItem\",\"position\":3,\"name\":\"Ebru Baybara Demur\"}]},{\"@type\":\"WebSite\",\"@id\":\"https:\\\/\\\/www.positivemayo.com\\\/#website\",\"url\":\"https:\\\/\\\/www.positivemayo.com\\\/\",\"name\":\"Positive Mayo\",\"description\":\"Comitted Chefs for a better world\",\"publisher\":{\"@id\":\"https:\\\/\\\/www.positivemayo.com\\\/#organization\"},\"potentialAction\":[{\"@type\":\"SearchAction\",\"target\":{\"@type\":\"EntryPoint\",\"urlTemplate\":\"https:\\\/\\\/www.positivemayo.com\\\/?s={search_term_string}\"},\"query-input\":{\"@type\":\"PropertyValueSpecification\",\"valueRequired\":true,\"valueName\":\"search_term_string\"}}],\"inLanguage\":\"en-US\"},{\"@type\":\"Organization\",\"@id\":\"https:\\\/\\\/www.positivemayo.com\\\/#organization\",\"name\":\"Positive Mayo\",\"url\":\"https:\\\/\\\/www.positivemayo.com\\\/\",\"logo\":{\"@type\":\"ImageObject\",\"inLanguage\":\"en-US\",\"@id\":\"https:\\\/\\\/www.positivemayo.com\\\/#\\\/schema\\\/logo\\\/image\\\/\",\"url\":\"https:\\\/\\\/www.positivemayo.com\\\/wp-content\\\/uploads\\\/2024\\\/07\\\/cropped-PM-font-transparent.png\",\"contentUrl\":\"https:\\\/\\\/www.positivemayo.com\\\/wp-content\\\/uploads\\\/2024\\\/07\\\/cropped-PM-font-transparent.png\",\"width\":3506,\"height\":1002,\"caption\":\"Positive Mayo\"},\"image\":{\"@id\":\"https:\\\/\\\/www.positivemayo.com\\\/#\\\/schema\\\/logo\\\/image\\\/\"}}]}<\/script>\n<!-- \/ Yoast SEO Premium plugin. -->","yoast_head_json":{"title":"Ebru Baybara Demur - Positive Mayo","robots":{"index":"index","follow":"follow","max-snippet":"max-snippet:-1","max-image-preview":"max-image-preview:large","max-video-preview":"max-video-preview:-1"},"canonical":"https:\/\/www.positivemayo.com\/en\/chefs\/ebru-baybara-demur\/","og_locale":"en_US","og_type":"article","og_title":"Ebru Baybara Demur","og_description":"&#8220;I&#8217;m a social gastronomy chef. I&#8217;m as interested in the taste of the food I prepare as I am in the number of people whose lives are transformed by that meal.&#8221; These words from chef Ebru Baybara Demir couldn&#8217;t sum up her personality any better. From the founding of her Cercis Murat Kona\u011f\u0131 restaurant to [&hellip;]","og_url":"https:\/\/www.positivemayo.com\/en\/chefs\/ebru-baybara-demur\/","og_site_name":"Positive Mayo","article_modified_time":"2025-03-03T14:35:49+00:00","og_image":[{"width":1920,"height":2560,"url":"https:\/\/www.positivemayo.com\/wp-content\/uploads\/2024\/09\/Ebru-Baybara-Demir.jpeg","type":"image\/jpeg"}],"twitter_card":"summary_large_image","twitter_misc":{"Est. reading time":"1 minute"},"schema":{"@context":"https:\/\/schema.org","@graph":[{"@type":"WebPage","@id":"https:\/\/www.positivemayo.com\/en\/chefs\/ebru-baybara-demur\/","url":"https:\/\/www.positivemayo.com\/en\/chefs\/ebru-baybara-demur\/","name":"Ebru Baybara Demur - Positive Mayo","isPartOf":{"@id":"https:\/\/www.positivemayo.com\/#website"},"primaryImageOfPage":{"@id":"https:\/\/www.positivemayo.com\/en\/chefs\/ebru-baybara-demur\/#primaryimage"},"image":{"@id":"https:\/\/www.positivemayo.com\/en\/chefs\/ebru-baybara-demur\/#primaryimage"},"thumbnailUrl":"https:\/\/www.positivemayo.com\/wp-content\/uploads\/2024\/09\/Ebru-Baybara-Demir.jpeg","datePublished":"2024-09-04T05:45:10+00:00","dateModified":"2025-03-03T14:35:49+00:00","breadcrumb":{"@id":"https:\/\/www.positivemayo.com\/en\/chefs\/ebru-baybara-demur\/#breadcrumb"},"inLanguage":"en-US","potentialAction":[{"@type":"ReadAction","target":["https:\/\/www.positivemayo.com\/en\/chefs\/ebru-baybara-demur\/"]}]},{"@type":"ImageObject","inLanguage":"en-US","@id":"https:\/\/www.positivemayo.com\/en\/chefs\/ebru-baybara-demur\/#primaryimage","url":"https:\/\/www.positivemayo.com\/wp-content\/uploads\/2024\/09\/Ebru-Baybara-Demir.jpeg","contentUrl":"https:\/\/www.positivemayo.com\/wp-content\/uploads\/2024\/09\/Ebru-Baybara-Demir.jpeg","width":1920,"height":2560},{"@type":"BreadcrumbList","@id":"https:\/\/www.positivemayo.com\/en\/chefs\/ebru-baybara-demur\/#breadcrumb","itemListElement":[{"@type":"ListItem","position":1,"name":"Accueil","item":"https:\/\/www.positivemayo.com\/en\/homepage\/"},{"@type":"ListItem","position":2,"name":"Chefs","item":"https:\/\/www.positivemayo.com\/chefs\/"},{"@type":"ListItem","position":3,"name":"Ebru Baybara Demur"}]},{"@type":"WebSite","@id":"https:\/\/www.positivemayo.com\/#website","url":"https:\/\/www.positivemayo.com\/","name":"Positive Mayo","description":"Comitted Chefs for a better world","publisher":{"@id":"https:\/\/www.positivemayo.com\/#organization"},"potentialAction":[{"@type":"SearchAction","target":{"@type":"EntryPoint","urlTemplate":"https:\/\/www.positivemayo.com\/?s={search_term_string}"},"query-input":{"@type":"PropertyValueSpecification","valueRequired":true,"valueName":"search_term_string"}}],"inLanguage":"en-US"},{"@type":"Organization","@id":"https:\/\/www.positivemayo.com\/#organization","name":"Positive Mayo","url":"https:\/\/www.positivemayo.com\/","logo":{"@type":"ImageObject","inLanguage":"en-US","@id":"https:\/\/www.positivemayo.com\/#\/schema\/logo\/image\/","url":"https:\/\/www.positivemayo.com\/wp-content\/uploads\/2024\/07\/cropped-PM-font-transparent.png","contentUrl":"https:\/\/www.positivemayo.com\/wp-content\/uploads\/2024\/07\/cropped-PM-font-transparent.png","width":3506,"height":1002,"caption":"Positive Mayo"},"image":{"@id":"https:\/\/www.positivemayo.com\/#\/schema\/logo\/image\/"}}]}},"_links":{"self":[{"href":"https:\/\/www.positivemayo.com\/en\/wp-json\/wp\/v2\/chefs\/3912","targetHints":{"allow":["GET"]}}],"collection":[{"href":"https:\/\/www.positivemayo.com\/en\/wp-json\/wp\/v2\/chefs"}],"about":[{"href":"https:\/\/www.positivemayo.com\/en\/wp-json\/wp\/v2\/types\/chefs"}],"wp:featuredmedia":[{"embeddable":true,"href":"https:\/\/www.positivemayo.com\/en\/wp-json\/wp\/v2\/media\/3771"}],"wp:attachment":[{"href":"https:\/\/www.positivemayo.com\/en\/wp-json\/wp\/v2\/media?parent=3912"}],"wp:term":[{"taxonomy":"pays","embeddable":true,"href":"https:\/\/www.positivemayo.com\/en\/wp-json\/wp\/v2\/pays?post=3912"}],"curies":[{"name":"wp","href":"https:\/\/api.w.org\/{rel}","templated":true}]}}

<p><em>&#8220;I&#8217;m a social gastronomy chef. I&#8217;m as interested in the taste of the food I prepare as I am in the number of people whose lives are transformed by that meal.&#8221;  </em>These words from chef Ebru Baybara Demir couldn&#8217;t sum up her personality any better.
From the founding of her Cercis Murat Konağı restaurant to the<a href="https://gonulmutfagi.org/"> Gönül Mutfağı</a> association set up in February 2023, with chef Türev Uludağ, to help disaster-stricken populations after the earthquake in Iskenderun province, the chef puts her culinary art at the service of the most disadvantaged, transforming gastronomy into a powerful lever for social integration. </p>

<p>But her most successful initiative is undoubtedly the social cooperative <a href="https://www.topraktantabaga.com.tr/">&#8220;From Soil to Plate&#8221; (Topraktan Tabağa Kooperatifi), </a>which she founded in 2018.
There, she campaigns for a local, sustainable and self-sufficient economy, from producer to consumer, and focuses on providing economic activity for women, particularly Syrian refugees, by offering them training in agricultural or culinary trades.
Her commitment to both biodiversity and humanitarianism has earned her international recognition, including the prestigious Basque Culinary World Prize in 2023.  </p>

<!-- This site is optimized with the Yoast SEO Premium plugin v21.1 (Yoast SEO v27.5) - https://yoast.com/product/yoast-seo-premium-wordpress/ -->
<title>Ebru Baybara Demur - Positive Mayo</title>
<meta name="robots" content="index, follow, max-snippet:-1, max-image-preview:large, max-video-preview:-1" />
<link rel="canonical" href="https://www.positivemayo.com/en/chefs/ebru-baybara-demur/" />
<meta property="og:locale" content="en_US" />
<meta property="og:type" content="article" />
<meta property="og:title" content="Ebru Baybara Demur" />
<meta property="og:description" content="&#8220;I&#8217;m a social gastronomy chef. I&#8217;m as interested in the taste of the food I prepare as I am in the number of people whose lives are transformed by that meal.&#8221; These words from chef Ebru Baybara Demir couldn&#8217;t sum up her personality any better. From the founding of her Cercis Murat Konağı restaurant to [&hellip;]" />
<meta property="og:url" content="https://www.positivemayo.com/en/chefs/ebru-baybara-demur/" />
<meta property="og:site_name" content="Positive Mayo" />
<meta property="article:modified_time" content="2025-03-03T14:35:49+00:00" />
<meta property="og:image" content="https://www.positivemayo.com/wp-content/uploads/2024/09/Ebru-Baybara-Demir.jpeg" />
	<meta property="og:image:width" content="1920" />
	<meta property="og:image:height" content="2560" />
	<meta property="og:image:type" content="image/jpeg" />
<meta name="twitter:card" content="summary_large_image" />
<meta name="twitter:label1" content="Est. reading time" />
	<meta name="twitter:data1" content="1 minute" />
<script type="application/ld+json" class="yoast-schema-graph">{"@context":"https:\/\/schema.org","@graph":[{"@type":"WebPage","@id":"https:\/\/www.positivemayo.com\/en\/chefs\/ebru-baybara-demur\/","url":"https:\/\/www.positivemayo.com\/en\/chefs\/ebru-baybara-demur\/","name":"Ebru Baybara Demur - Positive Mayo","isPartOf":{"@id":"https:\/\/www.positivemayo.com\/#website"},"primaryImageOfPage":{"@id":"https:\/\/www.positivemayo.com\/en\/chefs\/ebru-baybara-demur\/#primaryimage"},"image":{"@id":"https:\/\/www.positivemayo.com\/en\/chefs\/ebru-baybara-demur\/#primaryimage"},"thumbnailUrl":"https:\/\/www.positivemayo.com\/wp-content\/uploads\/2024\/09\/Ebru-Baybara-Demir.jpeg","datePublished":"2024-09-04T05:45:10+00:00","dateModified":"2025-03-03T14:35:49+00:00","breadcrumb":{"@id":"https:\/\/www.positivemayo.com\/en\/chefs\/ebru-baybara-demur\/#breadcrumb"},"inLanguage":"en-US","potentialAction":[{"@type":"ReadAction","target":["https:\/\/www.positivemayo.com\/en\/chefs\/ebru-baybara-demur\/"]}]},{"@type":"ImageObject","inLanguage":"en-US","@id":"https:\/\/www.positivemayo.com\/en\/chefs\/ebru-baybara-demur\/#primaryimage","url":"https:\/\/www.positivemayo.com\/wp-content\/uploads\/2024\/09\/Ebru-Baybara-Demir.jpeg","contentUrl":"https:\/\/www.positivemayo.com\/wp-content\/uploads\/2024\/09\/Ebru-Baybara-Demir.jpeg","width":1920,"height":2560},{"@type":"BreadcrumbList","@id":"https:\/\/www.positivemayo.com\/en\/chefs\/ebru-baybara-demur\/#breadcrumb","itemListElement":[{"@type":"ListItem","position":1,"name":"Accueil","item":"https:\/\/www.positivemayo.com\/en\/homepage\/"},{"@type":"ListItem","position":2,"name":"Chefs","item":"https:\/\/www.positivemayo.com\/chefs\/"},{"@type":"ListItem","position":3,"name":"Ebru Baybara Demur"}]},{"@type":"WebSite","@id":"https:\/\/www.positivemayo.com\/#website","url":"https:\/\/www.positivemayo.com\/","name":"Positive Mayo","description":"Comitted Chefs for a better world","publisher":{"@id":"https:\/\/www.positivemayo.com\/#organization"},"potentialAction":[{"@type":"SearchAction","target":{"@type":"EntryPoint","urlTemplate":"https:\/\/www.positivemayo.com\/?s={search_term_string}"},"query-input":{"@type":"PropertyValueSpecification","valueRequired":true,"valueName":"search_term_string"}}],"inLanguage":"en-US"},{"@type":"Organization","@id":"https:\/\/www.positivemayo.com\/#organization","name":"Positive Mayo","url":"https:\/\/www.positivemayo.com\/","logo":{"@type":"ImageObject","inLanguage":"en-US","@id":"https:\/\/www.positivemayo.com\/#\/schema\/logo\/image\/","url":"https:\/\/www.positivemayo.com\/wp-content\/uploads\/2024\/07\/cropped-PM-font-transparent.png","contentUrl":"https:\/\/www.positivemayo.com\/wp-content\/uploads\/2024\/07\/cropped-PM-font-transparent.png","width":3506,"height":1002,"caption":"Positive Mayo"},"image":{"@id":"https:\/\/www.positivemayo.com\/#\/schema\/logo\/image\/"}}]}</script>
<!-- / Yoast SEO Premium plugin. -->

&#8220;I&#8217;m a social gastronomy chef. I&#8217;m as interested in the taste of the food I prepare as I am in the number of people whose lives are transformed by that meal.&#8221; These words from chef Ebru Baybara Demir couldn&#8217;t sum up her personality any better. From the founding of her Cercis Murat Konağı restaurant to [&hellip;]
