{"id":1375,"date":"2024-02-27T11:02:38","date_gmt":"2024-02-27T11:02:38","guid":{"rendered":"https:\/\/www.positivemayo.com\/actions\/gastronomia-social\/"},"modified":"2024-06-17T13:37:02","modified_gmt":"2024-06-17T13:37:02","slug":"gastronomia-social","status":"publish","type":"actions","link":"https:\/\/www.positivemayo.com\/en\/actions\/gastronomia-social\/","title":{"rendered":"Gastronom\u00eda Social"},"content":{"rendered":"\n<p>Changing the world through food is the mission of the Social Gastronomy Foundation (<em>Fundaci\u00f3n Gastronom\u00eda Social<\/em>). The association, co-founded in 2019 by Rafael Rinc\u00f3n, Kurt Schmidt, Teresa Garc\u00eda, Sebasti\u00e1n D\u00edaz and Sebasti\u00e1n Gatica, aims to prove that gastronomy has incredible powers, particularly in the fight against hunger, the reduction of inequalities and social inclusion, and the environmental action. The foundation has also scale to Spain, Colombia and Chile. To achieve these objectives, the association is implementing several initiatives:<\/p>\n\n\n\n<ul class=\"wp-block-list\">\n<li><a href=\"https:\/\/losninossecomenelfuturo.org\/\">Los Ni\u00f1os Se Comen El Futuro<\/a>\u00a0(Children Eat the Future), a food education program in elementary school;<\/li>\n\n\n\n<li><a href=\"https:\/\/donaciones.niam.cl\/\">\u00d1AM<\/a>, a ramified training and employability ecosystem, which focuses on social inclusion for young people;<\/li>\n\n\n\n<li><a href=\"https:\/\/comidaparatodos.cl\/\">Comida Para Todos<\/a>\u00a0(Food for All), a humanitarian assistance program to combat hunger;<\/li>\n\n\n\n<li><a href=\"https:\/\/www.gastronomia.social\/mi-almacen-mi-comunidad\">Mi Almac\u00e9n Mi Comunidad\u00a0<\/a>(My Store My Community), a program dedicated to helping grocers become leaders in implementing social initiatives that have an impact in their communities;<\/li>\n\n\n\n<li><a href=\"https:\/\/www.gastronomia.social\/minga\">Minga<\/a>, a circular economy system that trains people in food sustainability and food recycling to combat food waste and insecurity.<\/li>\n<\/ul>\n\n\n\n<p>Social gastronomy catering:a social company that provides catering services, employing its students.<\/p>\n","protected":false},"featured_media":1328,"template":"","pays":[93],"secteurs":[56],"class_list":["post-1375","actions","type-actions","status-publish","has-post-thumbnail","hentry","pays-chile","secteurs-other"],"acf":[],"yoast_head":"<!-- This site is optimized with the Yoast SEO Premium plugin v21.1 (Yoast SEO v27.4) - https:\/\/yoast.com\/product\/yoast-seo-premium-wordpress\/ -->\n<title>Gastronom\u00eda Social - Positive Mayo<\/title>\n<meta name=\"robots\" content=\"index, follow, max-snippet:-1, max-image-preview:large, max-video-preview:-1\" \/>\n<link rel=\"canonical\" href=\"https:\/\/www.positivemayo.com\/en\/actions\/gastronomia-social\/\" \/>\n<meta property=\"og:locale\" content=\"en_US\" \/>\n<meta property=\"og:type\" content=\"article\" \/>\n<meta property=\"og:title\" content=\"Gastronom\u00eda Social\" \/>\n<meta property=\"og:description\" content=\"Changing the world through food is the mission of the Social Gastronomy Foundation (Fundaci\u00f3n Gastronom\u00eda Social). The association, co-founded in 2019 by Rafael Rinc\u00f3n, Kurt Schmidt, Teresa Garc\u00eda, Sebasti\u00e1n D\u00edaz and Sebasti\u00e1n Gatica, aims to prove that gastronomy has incredible powers, particularly in the fight against hunger, the reduction of inequalities and social inclusion, and [&hellip;]\" \/>\n<meta property=\"og:url\" content=\"https:\/\/www.positivemayo.com\/en\/actions\/gastronomia-social\/\" \/>\n<meta property=\"og:site_name\" content=\"Positive Mayo\" \/>\n<meta property=\"article:modified_time\" content=\"2024-06-17T13:37:02+00:00\" \/>\n<meta property=\"og:image\" content=\"https:\/\/www.positivemayo.com\/wp-content\/uploads\/2024\/02\/instagramgastronomiasocial01.png\" \/>\n\t<meta property=\"og:image:width\" content=\"591\" \/>\n\t<meta property=\"og:image:height\" content=\"653\" \/>\n\t<meta property=\"og:image:type\" content=\"image\/png\" \/>\n<meta name=\"twitter:card\" content=\"summary_large_image\" \/>\n<meta name=\"twitter:label1\" content=\"Est. reading time\" \/>\n\t<meta name=\"twitter:data1\" content=\"1 minute\" \/>\n<script type=\"application\/ld+json\" class=\"yoast-schema-graph\">{\"@context\":\"https:\\\/\\\/schema.org\",\"@graph\":[{\"@type\":\"WebPage\",\"@id\":\"https:\\\/\\\/www.positivemayo.com\\\/en\\\/actions\\\/gastronomia-social\\\/\",\"url\":\"https:\\\/\\\/www.positivemayo.com\\\/en\\\/actions\\\/gastronomia-social\\\/\",\"name\":\"Gastronom\u00eda Social - Positive Mayo\",\"isPartOf\":{\"@id\":\"https:\\\/\\\/www.positivemayo.com\\\/#website\"},\"primaryImageOfPage\":{\"@id\":\"https:\\\/\\\/www.positivemayo.com\\\/en\\\/actions\\\/gastronomia-social\\\/#primaryimage\"},\"image\":{\"@id\":\"https:\\\/\\\/www.positivemayo.com\\\/en\\\/actions\\\/gastronomia-social\\\/#primaryimage\"},\"thumbnailUrl\":\"https:\\\/\\\/www.positivemayo.com\\\/wp-content\\\/uploads\\\/2024\\\/02\\\/instagramgastronomiasocial01.png\",\"datePublished\":\"2024-02-27T11:02:38+00:00\",\"dateModified\":\"2024-06-17T13:37:02+00:00\",\"breadcrumb\":{\"@id\":\"https:\\\/\\\/www.positivemayo.com\\\/en\\\/actions\\\/gastronomia-social\\\/#breadcrumb\"},\"inLanguage\":\"en-US\",\"potentialAction\":[{\"@type\":\"ReadAction\",\"target\":[\"https:\\\/\\\/www.positivemayo.com\\\/en\\\/actions\\\/gastronomia-social\\\/\"]}]},{\"@type\":\"ImageObject\",\"inLanguage\":\"en-US\",\"@id\":\"https:\\\/\\\/www.positivemayo.com\\\/en\\\/actions\\\/gastronomia-social\\\/#primaryimage\",\"url\":\"https:\\\/\\\/www.positivemayo.com\\\/wp-content\\\/uploads\\\/2024\\\/02\\\/instagramgastronomiasocial01.png\",\"contentUrl\":\"https:\\\/\\\/www.positivemayo.com\\\/wp-content\\\/uploads\\\/2024\\\/02\\\/instagramgastronomiasocial01.png\",\"width\":591,\"height\":653},{\"@type\":\"BreadcrumbList\",\"@id\":\"https:\\\/\\\/www.positivemayo.com\\\/en\\\/actions\\\/gastronomia-social\\\/#breadcrumb\",\"itemListElement\":[{\"@type\":\"ListItem\",\"position\":1,\"name\":\"Accueil\",\"item\":\"https:\\\/\\\/www.positivemayo.com\\\/en\\\/homepage\\\/\"},{\"@type\":\"ListItem\",\"position\":2,\"name\":\"Actions\",\"item\":\"https:\\\/\\\/www.positivemayo.com\\\/actions\\\/\"},{\"@type\":\"ListItem\",\"position\":3,\"name\":\"Gastronom\u00eda Social\"}]},{\"@type\":\"WebSite\",\"@id\":\"https:\\\/\\\/www.positivemayo.com\\\/#website\",\"url\":\"https:\\\/\\\/www.positivemayo.com\\\/\",\"name\":\"Positive Mayo\",\"description\":\"Comitted Chefs for a better world\",\"publisher\":{\"@id\":\"https:\\\/\\\/www.positivemayo.com\\\/#organization\"},\"potentialAction\":[{\"@type\":\"SearchAction\",\"target\":{\"@type\":\"EntryPoint\",\"urlTemplate\":\"https:\\\/\\\/www.positivemayo.com\\\/?s={search_term_string}\"},\"query-input\":{\"@type\":\"PropertyValueSpecification\",\"valueRequired\":true,\"valueName\":\"search_term_string\"}}],\"inLanguage\":\"en-US\"},{\"@type\":\"Organization\",\"@id\":\"https:\\\/\\\/www.positivemayo.com\\\/#organization\",\"name\":\"Positive Mayo\",\"url\":\"https:\\\/\\\/www.positivemayo.com\\\/\",\"logo\":{\"@type\":\"ImageObject\",\"inLanguage\":\"en-US\",\"@id\":\"https:\\\/\\\/www.positivemayo.com\\\/#\\\/schema\\\/logo\\\/image\\\/\",\"url\":\"https:\\\/\\\/www.positivemayo.com\\\/wp-content\\\/uploads\\\/2024\\\/07\\\/cropped-PM-font-transparent.png\",\"contentUrl\":\"https:\\\/\\\/www.positivemayo.com\\\/wp-content\\\/uploads\\\/2024\\\/07\\\/cropped-PM-font-transparent.png\",\"width\":3506,\"height\":1002,\"caption\":\"Positive Mayo\"},\"image\":{\"@id\":\"https:\\\/\\\/www.positivemayo.com\\\/#\\\/schema\\\/logo\\\/image\\\/\"}}]}<\/script>\n<!-- \/ Yoast SEO Premium plugin. -->","yoast_head_json":{"title":"Gastronom\u00eda Social - Positive Mayo","robots":{"index":"index","follow":"follow","max-snippet":"max-snippet:-1","max-image-preview":"max-image-preview:large","max-video-preview":"max-video-preview:-1"},"canonical":"https:\/\/www.positivemayo.com\/en\/actions\/gastronomia-social\/","og_locale":"en_US","og_type":"article","og_title":"Gastronom\u00eda Social","og_description":"Changing the world through food is the mission of the Social Gastronomy Foundation (Fundaci\u00f3n Gastronom\u00eda Social). The association, co-founded in 2019 by Rafael Rinc\u00f3n, Kurt Schmidt, Teresa Garc\u00eda, Sebasti\u00e1n D\u00edaz and Sebasti\u00e1n Gatica, aims to prove that gastronomy has incredible powers, particularly in the fight against hunger, the reduction of inequalities and social inclusion, and [&hellip;]","og_url":"https:\/\/www.positivemayo.com\/en\/actions\/gastronomia-social\/","og_site_name":"Positive Mayo","article_modified_time":"2024-06-17T13:37:02+00:00","og_image":[{"width":591,"height":653,"url":"https:\/\/www.positivemayo.com\/wp-content\/uploads\/2024\/02\/instagramgastronomiasocial01.png","type":"image\/png"}],"twitter_card":"summary_large_image","twitter_misc":{"Est. reading time":"1 minute"},"schema":{"@context":"https:\/\/schema.org","@graph":[{"@type":"WebPage","@id":"https:\/\/www.positivemayo.com\/en\/actions\/gastronomia-social\/","url":"https:\/\/www.positivemayo.com\/en\/actions\/gastronomia-social\/","name":"Gastronom\u00eda Social - Positive Mayo","isPartOf":{"@id":"https:\/\/www.positivemayo.com\/#website"},"primaryImageOfPage":{"@id":"https:\/\/www.positivemayo.com\/en\/actions\/gastronomia-social\/#primaryimage"},"image":{"@id":"https:\/\/www.positivemayo.com\/en\/actions\/gastronomia-social\/#primaryimage"},"thumbnailUrl":"https:\/\/www.positivemayo.com\/wp-content\/uploads\/2024\/02\/instagramgastronomiasocial01.png","datePublished":"2024-02-27T11:02:38+00:00","dateModified":"2024-06-17T13:37:02+00:00","breadcrumb":{"@id":"https:\/\/www.positivemayo.com\/en\/actions\/gastronomia-social\/#breadcrumb"},"inLanguage":"en-US","potentialAction":[{"@type":"ReadAction","target":["https:\/\/www.positivemayo.com\/en\/actions\/gastronomia-social\/"]}]},{"@type":"ImageObject","inLanguage":"en-US","@id":"https:\/\/www.positivemayo.com\/en\/actions\/gastronomia-social\/#primaryimage","url":"https:\/\/www.positivemayo.com\/wp-content\/uploads\/2024\/02\/instagramgastronomiasocial01.png","contentUrl":"https:\/\/www.positivemayo.com\/wp-content\/uploads\/2024\/02\/instagramgastronomiasocial01.png","width":591,"height":653},{"@type":"BreadcrumbList","@id":"https:\/\/www.positivemayo.com\/en\/actions\/gastronomia-social\/#breadcrumb","itemListElement":[{"@type":"ListItem","position":1,"name":"Accueil","item":"https:\/\/www.positivemayo.com\/en\/homepage\/"},{"@type":"ListItem","position":2,"name":"Actions","item":"https:\/\/www.positivemayo.com\/actions\/"},{"@type":"ListItem","position":3,"name":"Gastronom\u00eda Social"}]},{"@type":"WebSite","@id":"https:\/\/www.positivemayo.com\/#website","url":"https:\/\/www.positivemayo.com\/","name":"Positive Mayo","description":"Comitted Chefs for a better world","publisher":{"@id":"https:\/\/www.positivemayo.com\/#organization"},"potentialAction":[{"@type":"SearchAction","target":{"@type":"EntryPoint","urlTemplate":"https:\/\/www.positivemayo.com\/?s={search_term_string}"},"query-input":{"@type":"PropertyValueSpecification","valueRequired":true,"valueName":"search_term_string"}}],"inLanguage":"en-US"},{"@type":"Organization","@id":"https:\/\/www.positivemayo.com\/#organization","name":"Positive Mayo","url":"https:\/\/www.positivemayo.com\/","logo":{"@type":"ImageObject","inLanguage":"en-US","@id":"https:\/\/www.positivemayo.com\/#\/schema\/logo\/image\/","url":"https:\/\/www.positivemayo.com\/wp-content\/uploads\/2024\/07\/cropped-PM-font-transparent.png","contentUrl":"https:\/\/www.positivemayo.com\/wp-content\/uploads\/2024\/07\/cropped-PM-font-transparent.png","width":3506,"height":1002,"caption":"Positive Mayo"},"image":{"@id":"https:\/\/www.positivemayo.com\/#\/schema\/logo\/image\/"}}]}},"_links":{"self":[{"href":"https:\/\/www.positivemayo.com\/en\/wp-json\/wp\/v2\/actions\/1375","targetHints":{"allow":["GET"]}}],"collection":[{"href":"https:\/\/www.positivemayo.com\/en\/wp-json\/wp\/v2\/actions"}],"about":[{"href":"https:\/\/www.positivemayo.com\/en\/wp-json\/wp\/v2\/types\/actions"}],"wp:featuredmedia":[{"embeddable":true,"href":"https:\/\/www.positivemayo.com\/en\/wp-json\/wp\/v2\/media\/1328"}],"wp:attachment":[{"href":"https:\/\/www.positivemayo.com\/en\/wp-json\/wp\/v2\/media?parent=1375"}],"wp:term":[{"taxonomy":"pays","embeddable":true,"href":"https:\/\/www.positivemayo.com\/en\/wp-json\/wp\/v2\/pays?post=1375"},{"taxonomy":"secteurs","embeddable":true,"href":"https:\/\/www.positivemayo.com\/en\/wp-json\/wp\/v2\/secteurs?post=1375"}],"curies":[{"name":"wp","href":"https:\/\/api.w.org\/{rel}","templated":true}]}}

Gastronomía Social

<p>Changing the world through food is the mission of the Social Gastronomy Foundation (<em>Fundación Gastronomía Social</em>). The association, co-founded in 2019 by Rafael Rincón, Kurt Schmidt, Teresa García, Sebastián Díaz and Sebastián Gatica, aims to prove that gastronomy has incredible powers, particularly in the fight against hunger, the reduction of inequalities and social inclusion, and the environmental action. The foundation has also scale to Spain, Colombia and Chile. To achieve these objectives, the association is implementing several initiatives:</p>



<ul class="wp-block-list">
<li><a href="https://losninossecomenelfuturo.org/">Los Niños Se Comen El Futuro</a> (Children Eat the Future), a food education program in elementary school;</li>



<li><a href="https://donaciones.niam.cl/">ÑAM</a>, a ramified training and employability ecosystem, which focuses on social inclusion for young people;</li>



<li><a href="https://comidaparatodos.cl/">Comida Para Todos</a> (Food for All), a humanitarian assistance program to combat hunger;</li>



<li><a href="https://www.gastronomia.social/mi-almacen-mi-comunidad">Mi Almacén Mi Comunidad </a>(My Store My Community), a program dedicated to helping grocers become leaders in implementing social initiatives that have an impact in their communities;</li>



<li><a href="https://www.gastronomia.social/minga">Minga</a>, a circular economy system that trains people in food sustainability and food recycling to combat food waste and insecurity.</li>
</ul>



<p>Social gastronomy catering:a social company that provides catering services, employing its students.</p>

<!-- This site is optimized with the Yoast SEO Premium plugin v21.1 (Yoast SEO v27.4) - https://yoast.com/product/yoast-seo-premium-wordpress/ -->
<title>Gastronomía Social - Positive Mayo</title>
<meta name="robots" content="index, follow, max-snippet:-1, max-image-preview:large, max-video-preview:-1" />
<link rel="canonical" href="https://www.positivemayo.com/en/actions/gastronomia-social/" />
<meta property="og:locale" content="en_US" />
<meta property="og:type" content="article" />
<meta property="og:title" content="Gastronomía Social" />
<meta property="og:description" content="Changing the world through food is the mission of the Social Gastronomy Foundation (Fundación Gastronomía Social). The association, co-founded in 2019 by Rafael Rincón, Kurt Schmidt, Teresa García, Sebastián Díaz and Sebastián Gatica, aims to prove that gastronomy has incredible powers, particularly in the fight against hunger, the reduction of inequalities and social inclusion, and [&hellip;]" />
<meta property="og:url" content="https://www.positivemayo.com/en/actions/gastronomia-social/" />
<meta property="og:site_name" content="Positive Mayo" />
<meta property="article:modified_time" content="2024-06-17T13:37:02+00:00" />
<meta property="og:image" content="https://www.positivemayo.com/wp-content/uploads/2024/02/instagramgastronomiasocial01.png" />
	<meta property="og:image:width" content="591" />
	<meta property="og:image:height" content="653" />
	<meta property="og:image:type" content="image/png" />
<meta name="twitter:card" content="summary_large_image" />
<meta name="twitter:label1" content="Est. reading time" />
	<meta name="twitter:data1" content="1 minute" />
<script type="application/ld+json" class="yoast-schema-graph">{"@context":"https:\/\/schema.org","@graph":[{"@type":"WebPage","@id":"https:\/\/www.positivemayo.com\/en\/actions\/gastronomia-social\/","url":"https:\/\/www.positivemayo.com\/en\/actions\/gastronomia-social\/","name":"Gastronomía Social - Positive Mayo","isPartOf":{"@id":"https:\/\/www.positivemayo.com\/#website"},"primaryImageOfPage":{"@id":"https:\/\/www.positivemayo.com\/en\/actions\/gastronomia-social\/#primaryimage"},"image":{"@id":"https:\/\/www.positivemayo.com\/en\/actions\/gastronomia-social\/#primaryimage"},"thumbnailUrl":"https:\/\/www.positivemayo.com\/wp-content\/uploads\/2024\/02\/instagramgastronomiasocial01.png","datePublished":"2024-02-27T11:02:38+00:00","dateModified":"2024-06-17T13:37:02+00:00","breadcrumb":{"@id":"https:\/\/www.positivemayo.com\/en\/actions\/gastronomia-social\/#breadcrumb"},"inLanguage":"en-US","potentialAction":[{"@type":"ReadAction","target":["https:\/\/www.positivemayo.com\/en\/actions\/gastronomia-social\/"]}]},{"@type":"ImageObject","inLanguage":"en-US","@id":"https:\/\/www.positivemayo.com\/en\/actions\/gastronomia-social\/#primaryimage","url":"https:\/\/www.positivemayo.com\/wp-content\/uploads\/2024\/02\/instagramgastronomiasocial01.png","contentUrl":"https:\/\/www.positivemayo.com\/wp-content\/uploads\/2024\/02\/instagramgastronomiasocial01.png","width":591,"height":653},{"@type":"BreadcrumbList","@id":"https:\/\/www.positivemayo.com\/en\/actions\/gastronomia-social\/#breadcrumb","itemListElement":[{"@type":"ListItem","position":1,"name":"Accueil","item":"https:\/\/www.positivemayo.com\/en\/homepage\/"},{"@type":"ListItem","position":2,"name":"Actions","item":"https:\/\/www.positivemayo.com\/actions\/"},{"@type":"ListItem","position":3,"name":"Gastronomía Social"}]},{"@type":"WebSite","@id":"https:\/\/www.positivemayo.com\/#website","url":"https:\/\/www.positivemayo.com\/","name":"Positive Mayo","description":"Comitted Chefs for a better world","publisher":{"@id":"https:\/\/www.positivemayo.com\/#organization"},"potentialAction":[{"@type":"SearchAction","target":{"@type":"EntryPoint","urlTemplate":"https:\/\/www.positivemayo.com\/?s={search_term_string}"},"query-input":{"@type":"PropertyValueSpecification","valueRequired":true,"valueName":"search_term_string"}}],"inLanguage":"en-US"},{"@type":"Organization","@id":"https:\/\/www.positivemayo.com\/#organization","name":"Positive Mayo","url":"https:\/\/www.positivemayo.com\/","logo":{"@type":"ImageObject","inLanguage":"en-US","@id":"https:\/\/www.positivemayo.com\/#\/schema\/logo\/image\/","url":"https:\/\/www.positivemayo.com\/wp-content\/uploads\/2024\/07\/cropped-PM-font-transparent.png","contentUrl":"https:\/\/www.positivemayo.com\/wp-content\/uploads\/2024\/07\/cropped-PM-font-transparent.png","width":3506,"height":1002,"caption":"Positive Mayo"},"image":{"@id":"https:\/\/www.positivemayo.com\/#\/schema\/logo\/image\/"}}]}</script>
<!-- / Yoast SEO Premium plugin. -->

Gastronomía Social - Positive Mayo

Changing the world through food is the mission of the Social Gastronomy Foundation (Fundación Gastronomía Social). The association, co-founded in 2019 by Rafael Rincón, Kurt Schmidt, Teresa García, Sebastián Díaz and Sebastián Gatica, aims to prove that gastronomy has incredible powers, particularly in the fight against hunger, the reduction of inequalities and social inclusion, and [&hellip;]
